posite?
False
Is (-2)/(-6) - (-16851604)/231 prime?
False
Suppose 0 = -2*k + 4 - 88. Is ((-28595)/k - -1)*6 a composite number?
False
Let p = 184104 - 77065. Is p a prime number?
False
Let o = 106647 + -68008. Is o composite?
False
Let d = 3495 + -1384. Let a = d - 568. Is a prime?
True
Suppose 0*r = 2*y + r - 29, -3 = 3*r. Suppose -a - 15 = 4*z, 0*z = 5*z + y. Is (1642/4)/(5/(13 + a)) a prime number?
True
Let n be 88/104 - 1 - 197/(-13). Suppose n*g + 4*g = 379677. Is g a prime number?
False
Let r = 74551 + -50901. Is r/6 - (160/(-15))/8 composite?
False
Suppose 12*w - 20 = 7*w. Let f(h) = -h**3 + 5*h**2 - 3*h + 1. Let i be f(w). Suppose -i*l = -2*m + 403, -l = -m + 4*l + 189. Is m prime?
False
Let a = 86 + -59. Suppose -22*q - 84895 = -a*q. Is q prime?
True
Let r(y) = 21 - 570*y - 20 + 29 + 35. Is r(-20) a prime number?
False
Let q(s) = 6*s**2 + 68*s - 2129. Is q(-67) prime?
True
Is ((-7)/4)/(6*6/(-3084336)) a prime number?
False
Let m be 5 - (-1164)/9 - 2/6. Suppose -2*a - 102 = -3*y - 3*a, -4*y - 2*a = -m. Is (y/7)/((-1)/(-79)) composite?
True
Let x(m) = 938*m**2 - 13*m + 79. Is x(8) composite?
True
Let w = 9922 + -16150. Let t = 507 + -4682. Let n = t - w. Is n a prime number?
True
Let w(b) = 3*b**2 - 102*b - 2401. Is w(92) composite?
True
Let y(g) = 7*g - 241664. Let x be y(0). Is 4 + (2/6 - x/12) prime?
True
Let b(i) = 256*i**2 + 56*i + 16. Let p be b(15). Is p/20 + 2/10 prime?
False
Let x(n) = n - 46. Let b be x(-8). Let k = 107 + b. Is k a prime number?
True
Suppose -5*j = -30, -18223 = -118*g + 117*g + j. Is g prime?
True
Let m(l) = 0*l + 13 - 59*l + 10*l - 81*l. Let j(a) = -389*a + 38. Let q(i) = -6*j(i) + 17*m(i). Is q(4) composite?
True
Let y(i) = 1 + 68*i - 22*i + 95*i. Let a be ((-342)/1710)/((-2)/10). Is y(a) composite?
True
Let l be 4*43844/56 - (-4)/14. Let t = l - 1547. Is t composite?
True
Suppose 1872*k - 1876*k = -5*v - 11636, -8727 = -3*k - v. Is k a prime number?
True
Let y(g) = -51*g**3 - 15*g**2 - 61*g - 1. Let i be y(-8). Suppose -2*o + i = 3*u, 5*o = u + o - 8523. Is u composite?
False
Let o(s) = 5848*s**2 - 3*s - 4. Let w be o(-3). Suppose -107 + 267 = 10*i. Suppose -i*h = 6285 - w. Is h a composite number?
False
Let u(x) = -3*x**2 - 197*x - 370. Is u(-31) a composite number?
True
Let g = -1656 + 2246. Let m(t) = t**3 - 9*t**2 + 10*t - 7. Let k be m(8). Is (-36)/k*(2 - g/8) prime?
False
Suppose -4*s + 8829194 - 2251531 = 3*a, s - 2*a - 1644413 = 0. Is s composite?
True
Let s be 39/((-6)/(-2) + 2019/(-674)). Suppose 4*m = 4810 + s. Suppose 0 = 2*t + 375 - m. Is t a composite number?
True
Suppose 0 = -11*j - 25729 - 74195. Is -5*9/(270/j) a composite number?
True
Let z(w) = 113*w**2 + 22*w - 53. Let g(h) = -114*h**2 - 21*h + 54. Let r(f) = -3*g(f) - 2*z(f). Is r(9) a composite number?
False
Is 2710642/88 + 1 + 12/(-16) composite?
False
Let n be 12/150*5*-15. Is (12 - 5 - 1)*(-4861)/n prime?
True
Let x(s) = 3*s**2 + 6*s**2 - 198 - 16*s - 7*s**2 + 154. Is x(-9) composite?
True
Suppose 2*m + 12234 = 3*l - 9783, 5*l = 5*m + 55035. Let f be (0 - -1)*-3*-5. Is m/(-15) - (-6)/f composite?
True
Let g(k) be the third derivative of k**6/120 + 13*k**5/30 + k**4 - 13*k**3/3 - 11*k**2. Let o be g(-25). Is (-2 + 1 + o)/(6/(-381)) prime?
True
Is 1204/258*(-28383)/(-2) a composite number?
True
Suppose 3*c = -3*t + 6, -3*c + c + 5*t = -39. Suppose 0 = c*s - 3*s - 4896. Let i = 2343 - s. Is i prime?
False
Is (6 - (-112)/(-21))/(24/4183956) composite?
True
Let p(u) = u**3 - 4*u**2 - u - 2. Let k be p(3). Let w(z) = z**3 + 14*z**2 - 11*z - 24. Let b be w(k). Let t = -72 + b. Is t a composite number?
True
Let w = -95853 + 273202. Is w prime?
False
Is (56 - -1479)/(2/178) + 7 a composite number?
True
Suppose 4*c = 17*c - 403. Let a(n) = -n**3 + 41*n**2 - 5*n - 58. Is a(c) a composite number?
False
Suppose -7330*g - 164748 = -7336*g. Is g prime?
False
Let y = -115068 - -671539. Is y composite?
True
Suppose 42*s = 35*s + 119. Is 11487/1 - s/(153/18) composite?
True
Let p = 547180 - 281223. Is p prime?
True
Let t(y) = -156*y**3 + 8*y**2 + 6*y + 5. Let k(a) = 77*a**3 - 4*a**2 - 3*a - 3. Let w(s) = 5*k(s) + 3*t(s). Let h = -11 + 9. Is w(h) a prime number?
False
Suppose -5*c + 27585 = 2*m, -2*c - 7*m = -8*m - 11043. Is c a prime number?
True
Let y = -34536 + 21395. Let a = -6656 - y. Is a a prime number?
False
Let d be (-5)/(((-22)/(-3236))/(-11)). Suppose 0 = -3*i + a + 2856 + 2002, 5*i = 3*a + d. Is i a prime number?
True
Let h = -72 + 187. Let i = -90 + h. Is i prime?
False
Let g = -220 - -227. Suppose g*u - 739 = 1004. Is u a prime number?
False
Let g = -315 + 7. Let i = -234 - g. Is i a composite number?
True
Is (3 - (-828114)/7) + (-4 - 4) prime?
True
Let h(y) = -4*y**2 + 60*y. Let u be h(15). Suppose 0 = -4*v - 4*x + 32740, -5*v + u*v = -5*x - 40965. Is v composite?
True
Suppose 0 = -5*v - x + 559100, 5*v = -60*x + 57*x + 559090. Is v a composite number?
False
Is -1 - 1556/(-1) - 1 - (-57 - -52) a composite number?
False
Let t(p) = -213*p**3 - 15*p**2 + p - 10. Suppose 0 = 685*r - 687*r - 6. Is t(r) composite?
True
Let t(q) = 18*q**3 - 35*q**2 + 51*q - 209. Is t(17) prime?
True
Let m = 1736053 + 53440. Is m a prime number?
True
Suppose 0 = -u - 4*f - 825, 3*f = -u + 2*f - 834. Let i = u - -1706. Is i composite?
True
Let w(k) = 1271*k**2 - 50*k + 346. Is w(9) composite?
True
Is 633*(5490/54 - -4) composite?
True
Let c be ((-54)/99)/3 - 43168/(-22). Let t = -1261 + c. Is t prime?
True
Let s be -2*(-624)/15 - 7/35. Let f = s - 86. Is ((4804/f)/2)/((-4)/6) a prime number?
True
Let y be (-8 - 68/(-8))*(-17228)/2. Let u = 11536 + y. Suppose -3*s + 4*r - 7253 = -4*s, -s + 2*r = -u. Is s prime?
True
Let l(a) = -180*a + 1266. Let m be l(7). Let p be -6*3*2702/(-4). Suppose -m*v = -15*v + p. Is v composite?
True
Suppose 5*r + 5*y - 60 = 0, 2*y = -2*r - 2*y + 30. Suppose -4*m - 134 = -w - r*m, 0 = 5*w - m - 592. Suppose -5 = -o - 5*f + 3, 4*f = 3*o - w. Is o composite?
True
Suppose -5*x + 4*g + 1218861 = 0, 6 = 5*g + 26. Is x a prime number?
True
Let p(s) = 524*s - 1. Suppose k - 6*k = -j - 14, -2*j = -5*k + 18. Let q(h) = -524*h. Let r(l) = j*q(l) - 3*p(l). Is r(4) a composite number?
False
Let d = -288 - 62. Let k be (-1)/2*11/(77/d). Suppose m + 0*o - 264 = o, -5*o - k = 0. Is m a composite number?
True
Suppose -2*g - 2*j = -68, 3*g + 2*j = j + 112. Suppose 0 = -3*p + 2*w - 42, -2*p = -2*w + g - 9. Is (7 + 20046/p)*2/(-3) prime?
True
Let o = 1053247 - 508920. Is o prime?
False
Let x(c) be the second derivative of -197*c**3/6 + 15*c**2/2 + 125*c. Is x(-2) prime?
True
Let g = -168186 + 398729. Is g prime?
False
Let g(o) = -4*o - 17. Let w be (0 - 5)/(0 + 1). Let r be g(w). Suppose -r*m = 3*j + j - 10923, -3628 = -m + 3*j. Is m a composite number?
False
Suppose -2*o - 28 = -4*f, -2*o + 2 = 2*f - 0*o. Suppose 6*r + 2*x = 7*r - 8559, -4*r + 34197 = f*x. Is r a prime number?
False
Suppose 24 = 14*j - 11*j. Suppose 0 = -0*i + j*i - 16. Is 838/(-4)*(-1)/(i/4) a composite number?
False
Let z(s) = -8 - 5 - 10*s**3 + 14*s**3 - 6*s**2 + 11*s. Let w(r) = -r**3 + 6*r**2 - 6*r - 3. Let o be w(3). Is z(o) composite?
False
Let a(b) = 17144*b - 5811. Is a(31) composite?
True
Let h(a) = -21*a**2 - 10*a. Let i(m) = -22*m**2 - 9*m + 4. Let z(q) = -4*h(q) + 3*i(q). Let r(c) = 2*c**2 + c - 4. Let b be r(-3). Is z(b) composite?
False
Is 205168 - (-6)/(-4)*(648/12)/(-27) prime?
True
Let s(n) = -1. Let w(x) = 18*x + 2. Let v(k) = k**2 + k - 1. Let f be v(-2). Let c(p) = f*w(p) - 3*s(p). Is c(7) a prime number?
True
Suppose -5*b - 3*k = -10, 4*b + 7*k - 25 = 8*k. Suppose 0 = 2*j + 4*o - 130118, 2*j - b*o = 77025 + 53066. Is j a prime number?
True
Let v be (-6)/(-39) - 1166/(-26). Suppose 2*r = 3*s + 32 + 61, 0 = r - 2*s - v. Let a = r - 29. Is a prime?
False
Is (-12 + 9 - 38/(-13)) + (-506579536)/(-611) a prime number?
False
Suppose 24 = 4*v - 32. Suppose v = 49*o - 50*o. Let x(l) = -63*l + 25. Is x(o) prime?
True
Let v be (-4813)/15 - 8/60. Let c = 908 + -322. Let z = v + c. Is z prime?
False
Let z(b) = -b**3 + 3*b**2 - 3*b + 5. Let l be z(3). Is (-7142)/l*(-10)/(-5)*1 prime?
True
Let j be ((-11)/33)/((-2)/156). Suppose -31*v + j*v + 8665 = 0. Is v prime?
True
Let k(j) be the first derivative of -j**4/4 + 14*j**3/3 - 9*j**2/2 + 12*j - 17. Let z be k(13). Let b = 195